a8db + 3?
1e66a8de
In base 2, what is -1000000101100 + -11000011?
-1000011101111
In base 3, what is 1 + 120122120022020010?
120122120022020011
In base 11, what is -2213269 + -7a?
-2213338
In base 16, what is 9 + -28b7323?
-28b731a
In base 9, what is -4 + 5551862?
5551857
In base 6, what is -1340534 + -515?
-1341453
In base 16, what is -52ddeb - 84?
-52de6f
In base 9, what is 4625 + 28432?
34157
In base 6, what is -45425 + 124320?
34451
In base 14, what is 7088190 - 12?
708817c
In base 10, what is 41 - -203308?
203349
In base 10, what is -367747 + -53?
-367800
In base 16, what is -2 + -210fef?
-210ff1
In base 4, what is 1212020 - 10120?
1201300
In base 10, what is 51144380 + -1?
51144379
In base 4, what is 10 - -3323202200?
3323202210
In base 12, what is 2 - -2336144?
2336146
In base 12, what is -5952a4 - 367?
-59564b
In base 16, what is d7 + -200376?
-20029f
In base 7, what is 1643 - -25245?
30221
In base 3, what is -21212200 - -10121220?
-11020210
In base 2, what is -111001101111110011001101 - 11?
-111001101111110011010000
In base 10, what is -6880160 - 5?
-6880165
In base 16, what is -5615 + -c64?
-6279
In base 8, what is 10233267 - -2?
10233271
In base 12, what is a30327b + 2?
a303281
In base 12, what is -6 - b3944?
-b394a
In base 8, what is 104 + 5654374?
5654500
In base 16, what is -17 + -12d5f65?
-12d5f7c
In base 4, what is 1011032 + -211223?
133203
In base 16, what is 5 + 4ca2a5?
4ca2aa
In base 2, what is -100010101 - 1011101101001100010?
-1011101101101110111
In base 14, what is -6 + -50d8860?
-50d8866
In base 11, what is -1 + -6552503?
-6552504
In base 10, what is 4053 + 32648?
36701
In base 15, what is -2 - 63be85?
-63be87
In base 8, what is -21141412 + -5?
-21141417
In base 12, what is 36 + -144a20?
-1449a6
In base 13, what is 105c0c + 0?
105c0c
In base 11, what is -205 + 164833?
164629
In base 10, what is -300909460 - -5?
-300909455
In base 7, what is -240 - -21601305?
21601035
In base 13, what is -362 - 4328?
-468a
In base 16, what is -1507d + -52c3?
-1a340
In base 9, what is -6347 - -3540?
-2707
In base 9, what is -453 + -103008?
-103462
In base 6, what is 2243 + 4200534?
4203221
In base 9, what is -4 + 1530666?
1530662
In base 16, what is 2 + 142da3a?
142da3c
In base 13, what is -7310140 - -1?
-731013c
In base 3, what is 12011122112 - -1020?
12011200202
In base 16, what is -3 + -49c0a9e?
-49c0aa1
In base 7, what is -6 + -141100354?
-141100363
In base 14, what is -5 - -225325?
225320
In base 9, what is 148530786 - 0?
148530786
In base 4, what is -11132121301 + -301?
-11132122202
In base 16, what is 3 - -67ed1b?
67ed1e
In base 8, what is 36 + 47066312?
47066350
In base 2, what is 10100010011001011000011100 - 0?
10100010011001011000011100
In base 11, what is 31073 - -26a7?
3376a
In base 2, what is 10000 - -1011100011010010010?
1011100011010100010
In base 9, what is -3203212 + 1207?
-3202004
In base 15, what is -288d - -4781?
1de3
In base 13, what is 2a7 - -6123?
63ca
In base 6, what is 5034 - 3404311?
-3355233
In base 9, what is -1060 - 7783?
-8853
In base 5, what is 1043110 - 112230?
430330
In base 9, what is 267 - -15023?
15301
In base 3, what is 112000222 - -201211?
112202210
In base 15, what is -1 - 2b3408?
-2b3409
In base 13, what is -623465 + 30?
-623435
In base 2, what is 11001000011000011001101 - -1101000?
11001000011000100110101
In base 2, what is -11111 - 1001101011001011011110?
-1001101011001011111101
In base 2, what is 1100110010111011110 - 1000001111111?
1100101010101011111
In base 13, what is 296 + 68807?
68aa0
In base 9, what is -4 + -61368106?
-61368111
In base 12, what is 30 + -377003?
-376b93
In base 2, what is 110110110111001011001001000 + 1?
110110110111001011001001001
In base 7, what is -14 - -23216644?
23216630
In base 12, what is -4b7 + 35358?
34a61
In base 13, what is -268 + 7c8c40?
7c89a5
In base 4, what is 102320231 + 232222?
103213113
In base 6, what is 3 + 13301541022?
13301541025
In base 14, what is 8b10375 + 5?
8b1037a
In base 16, what is 37e + -cce?
-950
In base 8, what is 34 - 4321300?
-4321244
In base 8, what is -2737 + -123646?
-126605
In base 5, what is -2220 - 10304240?
-10312010
In base 15, what is -208 - -84bad?
849a5
In base 16, what is 2d985 + 98?
2da1d
In base 4, what is 1301103211 + -11?
1301103200
In base 10, what is 1482598577 + 5?
1482598582
In base 11, what is 3 + 15291332?
15291335
In base 14, what is 2287cd2 + b?
2287cdd
In base 10, what is -15 + -9617357?
-9617372
In base 9, what is 1605880 + 8?
1605888
In base 4, what is -2 + -23113011113?
-23113011121
In base 5, what is -41002132020 - 10?
-41002132030
In base 9, what is 10286 + 14301?
24587
In base 12, what is 4b86 - 557?
462b
In base 10, what is 30629 + 641?
31270
In base 14, what is 7 + 883723?
88372a
In base 16, what is f00 - -8c0c?
9b0c
In base 2, what is -11111111 - 1010101000011?
-1011001000010
In base 3, what is -1120212011122 + -200?
-1120212012022
In base 2, what is 10010111110011110 + -1111000?
10010111100100110
In base 11, what is -12 + 283021a?
2830208
In base 5, what is -2 - 21323202333?
-21323202340
In base 6, what is -2510 - 541301?
-544211
In base 4, what is 222311 + -120303?
102002
In base 4, what is -310321100313 + -2?
-310321100321
In base 4, what is 1230 - -12120200001?
12120201231
In base 7, what is 201131546 + 5?
201131554
In base 4, what is -132 - -2230131120?
2230130322
In base 15, what is -53180a7e - -1?
-53180a7d
In base 15, what is 10e90 - d4?
10dab
In base 11, what is -328728 + -6?
-328733
In base 6, what is 2444223 + -3000?
2441223
In base 13, what is 2 - -28653610?
28653612
In base 12, what is -262501 - -418?
-2620a5
In base 3, what is -1001211210 + -21002002?
-1022220212
In base 15, what is -dc19b9 - 1e?
-dc19d8
In base 8, what is -67133740 + 1?
-67133737
In base 10, what is -27293990 + -60?
-27294050
In base 8, what is -2 - -6763754?
6763752
In base 11, what is 230337266 - -2?
230337268
In base 15, what is 6792 - 25?
676c
In base 14, what is 27698 + -b7?
275c1
In base 8, what is 1077026 + -12?
1077014
In base 9, what is 68332 - 126?
68205
In base 11, what is 280aa + -5a?
28050
In base 14, what is 10713c - 4?
107138
In base 11, what is -674 + -51a6a7?
-520270
In base 15, what is -66ce16 - -5?
-66ce11
In base 10, what is 43214 + -62?
43152
In base 13, what is -14 - 3476053?
-3476067
In base 14, what is 188c35 + -3?
188c32
In base 16, what is 6e47e - -1?
6e47f
In base 8, what is -32 + 45026122?
45026070
In base 14, what is 1b8b5 + 111a?
1c9d1
In base 5, what is -1011 + -110203?
-111214
In base 3, what is 121210 - 201012101121?
-201011202211
In base 12, what is 0 + -160487a0?
-160487a0
In base 6, what is -4331 - 1415353?
-1424124
In base 3, what is 1211222100122 + 2?
1211222100201
In base 10, what is 1402 - -8175?
9577
In base 14, what is 519 - 326bd?
-321a4
In base 3, what is -22 - 1101202122202221?
-1101202122210020
In base 14, what is 4b806 + -274?
4b572
In base 11, what is -15 - 1a90a90?
-1a90aa5
In base 10, what is -21903 - 587?
-22490
In base 5, what is -100430104 - -441?
-100424113
In base 4, what is 10330212 + 1213020?
12203232
In base 5, what is 0 + 313011411?
313011411
In base 7, what is 460 - -1030600?
1031360
In base 12, what is -2 - -1622954?
1622952
In base 9, what is -146206560 + -5?
-146206565
In base 16, what is 3 + -3cc77f?
-3cc77c
In base 16, what is -195 - 1aad?
-1c42
In base 15, what is 30604a84 + -2?
30604a82
In base 2, what is -10101011001101001100001010 - -10?
-10101011001101001100001000
In base 2, what is 100101110000011111001 + -1?
100101110000011111000
In base 4, what is 2110011020 - -222?
2110011302
In base 11, what is 322a99 - -7?
322aa5
In base 5, what is -240020 + -3231?
-243301
In base 3, what is 12020120 + 20202?
12111022
In base 6, what is -104330 - -535220?
430450
In base 16, what is -23aff25 - -3?
-23aff22
In base 16, what is -a80d6 + -31?
-a8107
In base 5, what is 10412022100 + 1204?
10412023304
In base 15, what is -1a + -c2397?
-c23b2
In base 12, what is 9 - 2b97376?
-2b97369
In base 11, what is -a689 + 7?
-a682
In base 8, what is 7401 + -4122?
3257
In base 12, what is a - -371a353?
371a361
In base 9, what is -206144861 + -4?
-206144865
In base 14, what is -5b3a + 404?
-5736
In base 7, what is 24 - 12426112?
-12426055
In base 2, what is -10000 + -1110110010100010